 26.
26
Suppose -2*j + 57 = 3*w, -j - j = -5*w - 97. Calculate the greatest common divisor of j and 4.
4
Suppose 0 = -13*j + 421 + 73. What is the greatest common divisor of 57 and j?
19
Let q be -2 - 2*-40 - (-2 + 4). What is the greatest common divisor of 4 and q?
4
Suppose 0 = 5*i - a - 10, 5*i - 10 = 4*a - 0*a. What is the greatest common factor of 18 and i?
2
Suppose 2*p + 3*p = 120. Let x be 1/3 + (-32)/(-12). What is the greatest common factor of p and x?
3
Suppose -3*p + 30 = -8*s + 11*s, 3*p = 3*s - 60. What is the greatest common divisor of 210 and s?
15
Let h(q) = q + 2. Let o be h(2). Suppose -5*d = -o*d + 2*b - 1, d = -b + 3. Let a be ((-32)/(-20))/(1/d). What is the greatest common divisor of a and 20?
4
Suppose 0 = 2*x - 4*x - 2. Let w(s) = -8*s**3 + s**2. Let l be w(x). Let f(v) = -v - 9. Let d be f(-10). Calculate the greatest common divisor of d and l.
1
Let h(r) = -r**2 - 13*r + 4. Let w be h(-11). What is the greatest common factor of w and 65?
13
Suppose -w + j + 0*j = -5, 0 = -3*w + 4*j + 14. Let r = -4 + w. Let k be 2*(r/4)/1. Calculate the greatest common factor of k and 8.
1
Suppose -47 = -5*i - 12. Calculate the greatest common factor of i and 14.
7
Let s(v) = -v**3 + 6*v**2 - 3*v + 1. Let n be s(4). Calculate the highest common divisor of n and 105.
21
Let k(o) = -o**3 + 5*o**2 + 2*o - 4. Let w be k(5). Let y be 203/6 + 1/w. What is the greatest common factor of 51 and y?
17
Let x = 40 + -25. What is the greatest common factor of 6 and x?
3
Let o = -9 - -29. What is the greatest common factor of 10 and o?
10
Let v(w) = -19*w - 3. Let a(t) = -39*t - 7. Let z(o) = -2*a(o) + 5*v(o). Let c be z(-3). What is the highest common factor of c and 25?
25
Suppose 5 = 5*l, 3*l - 66 = 4*o - 23. Let b be 366/15 - (-4)/o. What is the greatest common divisor of 16 and b?
8
Suppose 816 = 7*q - 318. What is the greatest common factor of 18 and q?
18
Suppose z - 2*c = 9, 0*z - 2*c = z + 3. Suppose -p + 9 = z. Suppose 4*i + 5*q = 53, 0 = 3*i + q + 5 - 42. Calculate the greatest common factor of p and i.
6
Suppose 0*z - t = 5*z - 67, 4*t = 4*z - 44. Calculate the highest common divisor of z and 91.
13
Suppose -124 = -3*r + 2*m - 36, -3*m = -2*r + 52. Suppose -4*y = -38 + 6. Calculate the greatest common divisor of r and y.
8
Let a be -6 + (5 - (1 - -2)). Let q be (-3 - -4)*-2 - a. Suppose -l - q*l = -231. Calculate the highest common divisor of l and 7.
7
Let r(p) = p**3 - 6*p**2 + 3*p + 7. Let v be r(5). Let w = v - -93. Calculate the highest common divisor of w and 18.
18
Let y be 27/18*(2 - -18). Calculate the highest common divisor of y and 6.
6
Let u = -5 - -13. Let j be u/(3 + -3 + 1). Calculate the highest common divisor of j and 24.
8
Let h be (-2 - 4)*(-10)/4. What is the greatest common divisor of 5 and h?
5
Let b = -11 + 6. Let z(u) = -u**3 - 6*u**2 - 7*u - 7. Let a be z(b). Let p be -3*(a + (-13)/3). Calculate the highest common factor of p and 10.
2
Let a(g) = 2*g - 7. Let p be a(7). Calculate the greatest common factor of 1 and p.
1
Suppose b + 3*j = 17, 5*b - 4 = -3*j + 33. Let c be 10/4*8/b. What is the greatest common divisor of 10 and c?
2
Suppose 357 = -6*v + 387. Suppose -a = -3 - 7. Calculate the highest common factor of a and v.
5
Let p be 3*(-1)/(-3) - -4. Suppose -37 - 18 = -p*h. Calculate the highest common factor of h and 1.
1
Let h be 7 - (-6)/2*-1. Suppose -4*b = v - 4*v - 20, 32 = 2*b + h*v. Calculate the greatest common factor of 8 and b.
8
Let r(g) = -138*g - 2. Let f be r(-1). Calculate the highest common divisor of f and 17.
17
Suppose 0 = -3*c + 2*n + 8, -4*n = -2*c + 5*c - 20. Suppose 0 = -3*o + c*z + 796, -137 = 4*o + 4*z - 1189. Calculate the highest common factor of 24 and o.
24
Suppose 14*m - 1200 = 270. What is the highest common factor of 21 and m?
21
Let h(b) = -b - 1. Let o be h(-9). Calculate the greatest common divisor of 88 and o.
8
Suppose 2 = w + 1. Let k = w + 2. Calculate the highest common divisor of 24 and k.
3
Let t be (-1 - 11*-2) + -3. What is the greatest common divisor of 27 and t?
9
Let l be (-4 - 1 - -2) + 24. Suppose c = -2*c + l. Let q(p) = p**3 - 3*p**2 - 4*p + 5. Let t be q(5). Calculate the highest common factor of t and c.
7
Let x = -59 - -108. Calculate the highest common factor of 392 and x.
49
Let t = 9 - 2. Suppose 2*f = t*f - 120. Suppose -m - 3*s = -15, -6*m + s + 15 = -3*m. What is the greatest common factor of f and m?
6
Let t(o) = o**2 + 3*o + 3. Let w be t(-4). Let m = -18 - -74. What is the greatest common divisor of w and m?
7
Let j(p) = -53*p + 4. Let t be j(-2). Calculate the greatest common factor of 44 and t.
22
Suppose -j + 9 + 6 = 0. Suppose 5*h + 0*h - 300 = 0. Calculate the highest common divisor of j and h.
15
Let x = -1 - 2. Let u(y) = -y + 1. Let h be u(x). Suppose 0*q - 112 = -3*q + h*b, -5*q + 5*b = -180. What is the highest common factor of 8 and q?
8
Let d(u) = -6*u + 4. Suppose -q - g - 5 = 0, -5*q + g - 3*g = 19. Let t be d(q). Calculate the greatest common factor of 11 and t.
11
Let m be (-84)/(-10)*45/18. Let i(g) = 3*g**2 + 4*g + 10. Let p be i(-2). What is the greatest common divisor of p and m?
7
Let n be (-218)/(-8) + 1/(-4). Suppose -y = -3*y - f + n, -y + 3*f = -24. Let k = -8 - -11. Calculate the highest common divisor of y and k.
3
Let p = 15 - 10. Calculate the highest common factor of 15 and p.
5
Suppose -m + 14 = -39. Suppose -2*l + 6*l = 3*j + 48, -m = -5*l + 2*j. What is the greatest common divisor of l and 9?
9
Let m be (8 - 1) + (2 - 0). Calculate the greatest common divisor of m and 54.
9
Let o be -18*((-12)/(-9))/(-2). What is the highest common divisor of 18 and o?
6
Let n be (1/3)/(2/24). Calculate the greatest common divisor of n and 4.
4
Let k(z) = 9*z**2 + 1. Let i be k(-1). Let r = 11 + -11. Suppose r - 20 = 5*h, h = -4*x + 436. What is the highest common factor of x and i?
10
Let g be ((-6)/(-5))/(12/80). Suppose 4*v = g*v - 32. Calculate the highest common divisor of 56 and v.
8
Suppose -84 = 5*r - 19. Let n be -1*(1 - 0) - r. Let s = 22 - n. Calculate the greatest common divisor of s and 4.
2
Let d(l) = -2*l + 2. Let p be d(-4). Let j be 0/3*(2 + -1). Suppose 5*t - p - 85 = -5*y, j = -5*t - 3*y + 89. Calculate the highest common factor of t and 32.
16
Let a(x) = 12*x. Let p be a(1). Suppose -i + 2 = -1. Suppose -i*v + 263 = 5*k, 5*v + k - 285 = 190. Calculate the highest common divisor of v and p.
12
Suppose 64 + 224 = 2*h. What is the greatest common factor of h and 16?
16
Suppose n - 21 = 11. What is the greatest common factor of n and 96?
32
Let f be (1 - -9)*(-9)/(-6). Let l = -12 - -17. Calculate the highest common factor of l and f.
5
Suppose -4*q + 2*p = -80, 0*q - 2*p = 2*q - 28. Let u be q/3*(-77)/(-3). Calculate the highest common factor of u and 14.
14
Suppose -3*j - 13 = -2*z, 2*j + 5 = -z + 1. Suppose t + 2*d = 5 + 5, 0 = 2*t - z*d - 2. Calculate the greatest common factor of 32 and t.
4
Suppose -8*i + 4*i = 8. Let u be (i - -35)/(1/3). Calculate the highest common divisor of u and 9.
9
Let q(o) = 5*o - o**2 + 7 - 5*o + 8*o + 3. Let f be q(9). Calculate the greatest common factor of 1 and f.
1
Let a(v) = 0 - 2*v - 2*v - 6 + 0*v. Let r be a(-6). Calculate the highest common factor of 36 and r.
18
Let v(g) = g**3 + 5*g**2 + 2*g - 2. Let i be v(-4). Suppose -2*m = -2*z - 184, 2*m = i*m - z - 362. Calculate the greatest common factor of 18 and m.
18
Let j be (4 + -2)/((-4)/6). Let y = j - -4. Let f be 14 + (0/y - 2). What is the highest common divisor of f and 4?
4
Suppose x = 20 - 2. Calculate the greatest common factor of 36 and x.
18
Suppose 0 = 26*u - 30*u + 168. Let n(k) = k**3 - k**2 + 2*k - 2. Let g be n(2). What is the greatest common divisor of u and g?
6
Let a be (-2)/(-7) + 271/7. Let j be (-6)/(-15) - 126/(-10). Calculate the highest common factor of a and j.
13
Suppose 4 - 8 = -a. Let n be a/(-8) + 57/2. What is the greatest common factor of 70 and n?
14
Let r = 51 - 38. Let q be (-11 - 1)*4/6. Let w be 39/(1/(q/(-6))). What is the highest common factor of w and r?
13
Suppose -y + 60 + 15 = 0. Suppose 12*o = 7*o + y. Calculate the highest common divisor of o and 10.
5
Let s(b) be the first derivative of -2*b**2 + 4*b - 2. Let w be s(-4). What is the greatest common factor of 10 and w?
10
Sup